{"id":5941,"date":"2024-12-03T09:39:25","date_gmt":"2024-12-03T09:39:25","guid":{"rendered":"https:\/\/www.plataformaelearning.pt\/luzia\/?post_type=product&#038;p=5941"},"modified":"2025-11-03T00:24:25","modified_gmt":"2025-11-03T00:24:25","slug":"curso-calculo-da-dimensao-da-amostra-em-estudos-de-investigacao","status":"publish","type":"product","link":"https:\/\/www.plataformaelearning.pt\/luzia\/produto\/curso-calculo-da-dimensao-da-amostra-em-estudos-de-investigacao\/","title":{"rendered":"Curso | C\u00e1lculo da dimens\u00e3o da amostra em estudos de investiga\u00e7\u00e3o"},"content":{"rendered":"<p><strong>Conte\u00fados a abordar no curso|<\/strong><\/p>\n<ul>\n<li>A import\u00e2ncia do c\u00e1lculo e justifica\u00e7\u00e3o do tamanho amostral: o pilar da estat\u00edstica e outras dimens\u00f5es a considerar (e.g., or\u00e7amento, tempo, recursos humanos e materiais, aspetos \u00e9ticos, conhecimento do contexto).<\/li>\n<li>Objetivos da investiga\u00e7\u00e3o, tipo de estudo, vari\u00e1veis e par\u00e2metros de interesse.<\/li>\n<li>Conceitos gerais: par\u00e2metros, estat\u00edsticas e distribui\u00e7\u00f5es amostrais que remetem para diferentes f\u00f3rmulas.<\/li>\n<li>Estimativas de par\u00e2metros de interesse: como as podemos obter na pr\u00e1tica?<\/li>\n<li>Diferen\u00e7a amostral, diferen\u00e7a estatisticamente significativa e diferen\u00e7a relevante no contexto em estudo.<\/li>\n<li>C\u00e1lculo via intervalos de confian\u00e7a e testes de hip\u00f3teses. Margens de erro e pot\u00eancia de testes habituais na pr\u00e1tica. Outras situa\u00e7\u00f5es mais complexas.<\/li>\n<li>Determina\u00e7\u00e3o da dimens\u00e3o da amostra em situa\u00e7\u00f5es mais habituais em estudos transversais.<\/li>\n<li>Determina\u00e7\u00e3o da dimens\u00e3o da amostra em situa\u00e7\u00f5es mais habituais em estudos experimentais.<\/li>\n<li>Programas [gratuitos] que podem ajudar nos c\u00e1lculos e na apresenta\u00e7\u00e3o de diferentes cen\u00e1rios.<\/li>\n<li>Dimens\u00f5es das amostras &#8220;calculadas&#8221; (no escrit\u00f3rio) para diferentes objetivos <em>versus<\/em> a dimens\u00e3o da amostra &#8220;alcan\u00e7ada&#8221; na pr\u00e1tica: como minimizar as discrep\u00e2ncias?<\/li>\n<li>Como reportar o c\u00e1lculo e a justifica\u00e7\u00e3o da dimens\u00e3o amostral final em artigos cient\u00edficos e em teses acad\u00e9micas<\/li>\n<\/ul>\n<p><strong>Formadora |<\/strong> Luzia Gon\u00e7alves \u2013 \u00e9 a \u00a0fundadora da z-Stat4life\u00ae, doutorada em Estat\u00edstica Experimental e An\u00e1lise de Dados pela Universidade de Lisboa, onde tamb\u00e9m concluiu a licenciatura e o mestrado em Probabilidades e Estat\u00edstica na Faculdade de Ci\u00eancias. \u00c9 membro do Centro de Estat\u00edstica e Aplica\u00e7\u00f5es da Universidade de Lisboa, integrando a sua Comiss\u00e3o Executiva. Foi Professora Auxiliar de Bioestat\u00edstica no Instituto de Higiene e Medicina Tropical da Universidade Nova de Lisboa, lecionando em diversos cursos de mestrado e doutoramento e participando na sua coordena\u00e7\u00e3o e respectivas comiss\u00f5es cient\u00edficas. No \u00e2mbito da investiga\u00e7\u00e3o e ensino, liderou e colaborou com equipas em pa\u00edses de l\u00edngua oficial portuguesa. Os seus trabalhos cient\u00edficos foram publicados em revistas e jornais internacionais de \u00e1reas t\u00e3o diversas como estat\u00edstica, sa\u00fade p\u00fablica internacional, sa\u00fade global, medicina tropical, ci\u00eancias biom\u00e9dicas, ambiente e planeamento urbano. Atualmente, dedica-se integralmente \u00e0 z-Stat4life, mediante atividades de consultoria, mentoria e desenvolvendo infoprodutos baseados na sua vasta experi\u00eancia de terreno em v\u00e1rios contextos nacionais e internacionais. Atrav\u00e9s de parcerias, os cursos integram tamb\u00e9m uma componente de bem-estar, sendo dados num ambiente informal.<\/p>\n<p>.<\/p>\n","protected":false},"excerpt":{"rendered":"<p>A investiga\u00e7\u00e3o cient\u00edfica, seja em ci\u00eancias sociais, sa\u00fade ou agronomia, ou outras \u00e1reas, tem como objetivo resolver grandes desafios. A estat\u00edstica \u00e9 a chave desde o planeamento inicial at\u00e9 \u00e0 publica\u00e7\u00e3o final, transformando dados em solu\u00e7\u00f5es impactantes nessas \u00e1reas.<\/p>\n<p>Definir o tamanho da amostra \u00e9 um passo crucial! Um di\u00e1logo aberto entre estat\u00edsticos e especialistas de cada \u00e1rea \u00e9 indispens\u00e1vel para evitar falhas que podem comprometer todo o processo de investiga\u00e7\u00e3o.<\/p>\n<p>Sabes como determinar o tamanho ideal da tua amostra?<\/p>\n<p>Independentemente, da resposta ser Sim, N\u00e3o, Talvez, vem frequentar este curso para fortalecer as tuas compet\u00eancias neste assunto fundamental, para o teu futuro acad\u00e9mico e profissional.<\/p>\n<p><strong>Datas |<\/strong> <strong>11, 13, 18 e 20<\/strong> (16:00 -18:30)\u00a0 e <strong>dia 25<\/strong> de novembro de 2025\u00a0 (16:00-18:00 &#8211; hora de Lisboa)<\/p>\n<p><strong>Onde|<\/strong> Plataforma\u00a0 ZOOM<\/p>\n<p><strong>Destinat\u00e1rios |<\/strong><\/p>\n<ul>\n<li>Estudantes de mestrado e de doutoramento de diversas \u00e1reas<\/li>\n<li>Investigadores e profissionais de \u00e1reas que dependem de estudos de investiga\u00e7\u00e3o com uma abordagem quantitativa.<\/li>\n<li>Estat\u00edsticos que desejem conhecer alguns problemas frequentes na pr\u00e1tica.<\/li>\n<\/ul>\n<p><strong>Certificado de participa\u00e7\u00e3o<\/strong> | Sim, mas o curso n\u00e3o tem avalia\u00e7\u00e3o. Somos adeptos da aprendizagem de compet\u00eancias para a pr\u00e1tica, sem depend\u00eancia de &#8220;notas acad\u00e9micas&#8221;.<\/p>\n<p><strong>Inscri\u00e7\u00f5es | <\/strong>\u00a0Ao efetuar o pagamento online, em baixo em &#8220;Comprar&#8221;, a vaga fica garantida. <strong>Confirma na pasta SPAM<\/strong>, caso n\u00e3o recebas imediatamente a confirma\u00e7\u00e3o do registo.<\/p>\n<p><strong>Membros da Comunidade z-Stat4life [Grupo 2.0]<\/strong> | Desconto permanente de <strong>20% no pre\u00e7o base<\/strong>. Pedir o <strong>cup\u00e3o de desconto<\/strong> por e-mail.<\/p>\n<p><strong>D\u00favidas<\/strong> | Estamos dispon\u00edveis por e-mail: geral@www.plataformaelearning.pt\/luzia. Se for o caso, tamb\u00e9m podemos combinar um encontro por ZOOM para esclarecimentos.<\/p>\n<p>&nbsp;<\/p>\n","protected":false},"featured_media":6575,"template":"","meta":{"_et_pb_use_builder":"","_et_pb_old_content":"","_et_gb_content_width":"","inline_featured_image":false},"product_brand":[],"product_cat":[79,80],"product_tag":[990,299,986,989,988,987,984,985,315,300],"class_list":{"0":"post-5941","1":"product","2":"type-product","3":"status-publish","4":"has-post-thumbnail","6":"product_cat-cursos-online","7":"product_cat-estatistica","8":"product_tag-comparacao-de-grupos","9":"product_tag-dimensao-da-amostra","10":"product_tag-estimativa","11":"product_tag-estudos-experimentais","12":"product_tag-estudos-transversais","13":"product_tag-parametro","14":"product_tag-potencia","15":"product_tag-power","16":"product_tag-sample-size","17":"product_tag-tamanho-da-amostra","18":"post","20":"first","21":"instock","22":"featured","23":"virtual","24":"taxable","25":"purchasable","26":"product-type-simple"},"_links":{"self":[{"href":"https:\/\/www.plataformaelearning.pt\/luzia\/wp-json\/wp\/v2\/product\/5941","targetHints":{"allow":["GET"]}}],"collection":[{"href":"https:\/\/www.plataformaelearning.pt\/luzia\/wp-json\/wp\/v2\/product"}],"about":[{"href":"https:\/\/www.plataformaelearning.pt\/luzia\/wp-json\/wp\/v2\/types\/product"}],"wp:featuredmedia":[{"embeddable":true,"href":"https:\/\/www.plataformaelearning.pt\/luzia\/wp-json\/wp\/v2\/media\/6575"}],"wp:attachment":[{"href":"https:\/\/www.plataformaelearning.pt\/luzia\/wp-json\/wp\/v2\/media?parent=5941"}],"wp:term":[{"taxonomy":"product_brand","embeddable":true,"href":"https:\/\/www.plataformaelearning.pt\/luzia\/wp-json\/wp\/v2\/product_brand?post=5941"},{"taxonomy":"product_cat","embeddable":true,"href":"https:\/\/www.plataformaelearning.pt\/luzia\/wp-json\/wp\/v2\/product_cat?post=5941"},{"taxonomy":"product_tag","embeddable":true,"href":"https:\/\/www.plataformaelearning.pt\/luzia\/wp-json\/wp\/v2\/product_tag?post=5941"}],"curies":[{"name":"wp","href":"https:\/\/api.w.org\/{rel}","templated":true}]}}