{"id":5291,"date":"2023-07-17T14:15:17","date_gmt":"2023-07-17T14:15:17","guid":{"rendered":"https:\/\/www.plataformaelearning.pt\/luzia\/?post_type=product&#038;p=5291"},"modified":"2024-08-05T08:27:30","modified_gmt":"2024-08-05T08:27:30","slug":"jornada-da-recolha-de-dados-com-qualidade-a-chave-para-a-investigacao-cientifica","status":"publish","type":"product","link":"https:\/\/www.plataformaelearning.pt\/luzia\/produto\/jornada-da-recolha-de-dados-com-qualidade-a-chave-para-a-investigacao-cientifica\/","title":{"rendered":"Jornada da Recolha de Dados com Qualidade \u2013 A Chave para a Investiga\u00e7\u00e3o Cient\u00edfica"},"content":{"rendered":"<a href='#' class='small-button smallorange'>Inscri\u00e7\u00f5es fechadas<\/a>\n<p>A Jornada da Recolha de Dados com Qualidade &#8211; A Chave para a Investiga\u00e7\u00e3o Cient\u00edfica &#8211; acontece no dia 16 de setembro de 2023, das 14:30 \u00e0s 17:30 (Hora de Lisboa), atrav\u00e9s da plataforma ZOOM.<\/p>\n<p>A qualidade dos dados e a sua an\u00e1lise s\u00e3o fulcrais para a investiga\u00e7\u00e3o cient\u00edfica, mas a estat\u00edstica sofisticada n\u00e3o limpa a m\u00e1 qualidade dos dados. Se entra \u201clixo\u201d, sai \u201clixo\u201d. Por isso, esta Jornada visa debater os passos fundamentais da recolha de dados, trazendo a riqueza das experi\u00eancias de terreno de forma a acautelar a qualidade no processo de recolha. Se est\u00e1s a iniciar uma investiga\u00e7\u00e3o que necessita de dados prim\u00e1rios, para uma abordagem quantitativa, esta jornada vai ajudar-te a abrir um caminho mais f\u00e1cil e mais produtivo!<\/p>\n<p><strong>Formadores<\/strong>:<\/p>\n<p><strong>Luzia Gon\u00e7alves<\/strong>, PhD em Estat\u00edstica Experimental e An\u00e1lise de Dados, Professora universit\u00e1ria, Fundadora da Z-Stat4life<b>\u00ae<\/b><\/p>\n<p>&nbsp;<\/p>\n","protected":false},"excerpt":{"rendered":"<a href='#' class='small-button smallorange'>Inscri\u00e7\u00f5es fechadas<\/a>\n<p>Esta Jornada acontece no dia 16 de setembro de 2023, das 14:30 \u00e0s 17:30 (Hora de Lisboa), atrav\u00e9s da plataforma ZOOM.<\/p>\n<p><strong><u>A quem se destina<\/u>? <\/strong>Destina-se a estudantes de mestrado e de doutoramento ou a profissionais que esteja a iniciar uma investiga\u00e7\u00e3o que necessite da recolha de dados.<\/p>\n<p><strong><u>Como fazer a inscri\u00e7\u00e3o?<\/u><\/strong> Adicionar a jornada ao carrinho e pagar. A inscri\u00e7\u00e3o \u00e9 imediata, recebendo um e-mail. Verifiqua a pasta SPAM, caso n\u00e3o recebas nenhum e-mail.<\/p>\n<p><strong>Promo\u00e7\u00e3o:<\/strong> termina a 10 de setembro!<\/p>\n<p>&nbsp;<\/p>\n","protected":false},"featured_media":5292,"template":"","meta":{"_et_pb_use_builder":"","_et_pb_old_content":"","_et_gb_content_width":"","inline_featured_image":false},"product_brand":[],"product_cat":[79,80],"product_tag":[301,361,354,362,364,297,359,356,357,293,358,300,360,355,363],"class_list":{"0":"post-5291","1":"product","2":"type-product","3":"status-publish","4":"has-post-thumbnail","6":"product_cat-cursos-online","7":"product_cat-estatistica","8":"product_tag-amostragem","9":"product_tag-aspetos-eticos","10":"product_tag-dados","11":"product_tag-logistica","12":"product_tag-planeamento","13":"product_tag-plano-de-investigacao","14":"product_tag-plano-de-operacionalizacao-das-variaveis","15":"product_tag-populacao-alvo","16":"product_tag-populacao-em-estudo","17":"product_tag-questao-de-investigacao","18":"product_tag-questionarios","19":"product_tag-tamanho-da-amostra","20":"product_tag-tipo-de-estudo","21":"product_tag-unidade-amostral","22":"product_tag-uniformizacao-de-procedimentos","23":"post","25":"first","26":"outofstock","27":"virtual","28":"taxable","29":"product-type-simple"},"_links":{"self":[{"href":"https:\/\/www.plataformaelearning.pt\/luzia\/wp-json\/wp\/v2\/product\/5291","targetHints":{"allow":["GET"]}}],"collection":[{"href":"https:\/\/www.plataformaelearning.pt\/luzia\/wp-json\/wp\/v2\/product"}],"about":[{"href":"https:\/\/www.plataformaelearning.pt\/luzia\/wp-json\/wp\/v2\/types\/product"}],"wp:featuredmedia":[{"embeddable":true,"href":"https:\/\/www.plataformaelearning.pt\/luzia\/wp-json\/wp\/v2\/media\/5292"}],"wp:attachment":[{"href":"https:\/\/www.plataformaelearning.pt\/luzia\/wp-json\/wp\/v2\/media?parent=5291"}],"wp:term":[{"taxonomy":"product_brand","embeddable":true,"href":"https:\/\/www.plataformaelearning.pt\/luzia\/wp-json\/wp\/v2\/product_brand?post=5291"},{"taxonomy":"product_cat","embeddable":true,"href":"https:\/\/www.plataformaelearning.pt\/luzia\/wp-json\/wp\/v2\/product_cat?post=5291"},{"taxonomy":"product_tag","embeddable":true,"href":"https:\/\/www.plataformaelearning.pt\/luzia\/wp-json\/wp\/v2\/product_tag?post=5291"}],"curies":[{"name":"wp","href":"https:\/\/api.w.org\/{rel}","templated":true}]}}