{"id":3835,"date":"2022-05-29T07:47:42","date_gmt":"2022-05-29T07:47:42","guid":{"rendered":"https:\/\/www.plataformaelearning.pt\/luzia\/?post_type=product&#038;p=3835"},"modified":"2024-11-07T15:35:57","modified_gmt":"2024-11-07T15:35:57","slug":"estatistica-e-analise-de-dados","status":"publish","type":"product","link":"https:\/\/www.plataformaelearning.pt\/luzia\/produto\/estatistica-e-analise-de-dados\/","title":{"rendered":"Estat\u00edstica em Investiga\u00e7\u00e3o: Como Analisar Dados e Reportar Resultados"},"content":{"rendered":"<p>Este produto n\u00e3o est\u00e1 dispon\u00edvel para venda. Apenas se destina a turmas dos cursos persenciais.<\/p>\n","protected":false},"excerpt":{"rendered":"<p>Este produto n\u00e3o est\u00e1 dispon\u00edvel para venda! Apenas as turmas presenciais ter\u00e3o acesso aos materiais.<\/p>\n","protected":false},"featured_media":4294,"template":"","meta":{"_et_pb_use_builder":"","_et_pb_old_content":"","_et_gb_content_width":"","inline_featured_image":false},"product_brand":[],"product_cat":[84,80],"product_tag":[],"class_list":{"0":"post-3835","1":"product","2":"type-product","3":"status-publish","4":"has-post-thumbnail","6":"product_cat-cursos-presenciais","7":"product_cat-estatistica","8":"post","10":"first","11":"outofstock","12":"virtual","13":"product-type-simple"},"_links":{"self":[{"href":"https:\/\/www.plataformaelearning.pt\/luzia\/wp-json\/wp\/v2\/product\/3835","targetHints":{"allow":["GET"]}}],"collection":[{"href":"https:\/\/www.plataformaelearning.pt\/luzia\/wp-json\/wp\/v2\/product"}],"about":[{"href":"https:\/\/www.plataformaelearning.pt\/luzia\/wp-json\/wp\/v2\/types\/product"}],"wp:featuredmedia":[{"embeddable":true,"href":"https:\/\/www.plataformaelearning.pt\/luzia\/wp-json\/wp\/v2\/media\/4294"}],"wp:attachment":[{"href":"https:\/\/www.plataformaelearning.pt\/luzia\/wp-json\/wp\/v2\/media?parent=3835"}],"wp:term":[{"taxonomy":"product_brand","embeddable":true,"href":"https:\/\/www.plataformaelearning.pt\/luzia\/wp-json\/wp\/v2\/product_brand?post=3835"},{"taxonomy":"product_cat","embeddable":true,"href":"https:\/\/www.plataformaelearning.pt\/luzia\/wp-json\/wp\/v2\/product_cat?post=3835"},{"taxonomy":"product_tag","embeddable":true,"href":"https:\/\/www.plataformaelearning.pt\/luzia\/wp-json\/wp\/v2\/product_tag?post=3835"}],"curies":[{"name":"wp","href":"https:\/\/api.w.org\/{rel}","templated":true}]}}