{"id":4959,"date":"2022-09-21T22:04:17","date_gmt":"2022-09-21T22:04:17","guid":{"rendered":"https:\/\/www.plataformaelearning.pt\/luzia\/?page_id=4959"},"modified":"2022-09-30T08:59:33","modified_gmt":"2022-09-30T08:59:33","slug":"resolucao-de-litigios","status":"publish","type":"page","link":"https:\/\/www.plataformaelearning.pt\/luzia\/resolucao-de-litigios\/","title":{"rendered":"Resolu\u00e7\u00e3o de Lit\u00edgios"},"content":{"rendered":"<p>[et_pb_section fb_built=&#8221;1&#8243; admin_label=&#8221;Sobre N\u00f3s&#8221; _builder_version=&#8221;4.9.2&#8243; _module_preset=&#8221;default&#8221; custom_padding=&#8221;40px||26px||false|false&#8221; saved_tabs=&#8221;all&#8221;][et_pb_row _builder_version=&#8221;4.7.7&#8243; _module_preset=&#8221;default&#8221; custom_padding=&#8221;13px||13px||true|&#8221;][et_pb_column type=&#8221;4_4&#8243; _builder_version=&#8221;4.7.7&#8243; _module_preset=&#8221;default&#8221;][et_pb_text module_class=&#8221;special-headin&#8221; _builder_version=&#8221;4.9.2&#8243; _dynamic_attributes=&#8221;content&#8221; _module_preset=&#8221;default&#8221; text_font=&#8221;|700|||||||&#8221; text_text_color=&#8221;#134568&#8243; text_font_size=&#8221;32px&#8221; text_line_height=&#8221;1.4em&#8221; text_font_size_tablet=&#8221;30px&#8221; text_font_size_phone=&#8221;28px&#8221; text_font_size_last_edited=&#8221;on|phone&#8221;]@ET-DC@eyJkeW5hbWljIjp0cnVlLCJjb250ZW50IjoicG9zdF90aXRsZSIsInNldHRpbmdzIjp7ImJlZm9yZSI6IiIsImFmdGVyIjoiIn19@[\/et_pb_text][\/et_pb_column][\/et_pb_row][\/et_pb_section][et_pb_section fb_built=&#8221;1&#8243; admin_label=&#8221;Pagamentos&#8221; _builder_version=&#8221;4.9.2&#8243; _module_preset=&#8221;default&#8221; custom_padding=&#8221;0px||40px|||&#8221;][et_pb_row _builder_version=&#8221;4.9.2&#8243; _module_preset=&#8221;default&#8221; custom_padding=&#8221;0px|||||&#8221;][et_pb_column type=&#8221;4_4&#8243; _builder_version=&#8221;4.9.2&#8243; _module_preset=&#8221;default&#8221;][et_pb_text _builder_version=&#8221;4.9.2&#8243; _module_preset=&#8221;default&#8221; hover_enabled=&#8221;0&#8243; sticky_enabled=&#8221;0&#8243;]<\/p>\n<p><strong>RAL &#8211; Resolu\u00e7\u00e3o Alternativa de Lit\u00edgios &#8211; Centros de Arbitragem\u00a0<\/strong><\/p>\n<p>A Uni\u00e3o Europeia criou um site para apoiar os consumidores a apresentarem as suas reclama\u00e7\u00f5es sobre qualquer lit\u00edgio em que estejam envolvidos.<\/p>\n<p>Neste \u00e2mbito, disponibilizamos aqui toda a informa\u00e7\u00e3o para que possa exercer o seu direito de reclama\u00e7\u00e3o junto de uma entidade oficial, terceira e imparcial ao processo, (\u00abentidade de resolu\u00e7\u00e3o de lit\u00edgios\u00bb) que o ajudar\u00e1 a resolver o lit\u00edgio em quest\u00e3o.<\/p>\n<p>Assim, se ficou insatisfeito com a aquisi\u00e7\u00e3o de um bem ou servi\u00e7o no nosso site, ou com a solu\u00e7\u00e3o por n\u00f3s apresentada para resolver a situa\u00e7\u00e3o, pode aceder a este site oficial:<span>\u00a0<\/span><a href=\"https:\/\/ec.europa.eu\/consumers\/odr\/main\/index.cfm?event=main.home2.show&amp;lng=PT\" target=\"_blank\" rel=\"noopener noreferrer\">https:\/\/ec.europa.eu\/consumers\/odr\/main\/index.cfm?event=main.home2.show&amp;lng=PT<\/a><span>\u00a0<\/span>e expor a sua contesta\u00e7\u00e3o.<\/p>\n<p><strong>O que \u00e9 a resolu\u00e7\u00e3o alternativa de lit\u00edgios?<\/strong><\/p>\n<p>A resolu\u00e7\u00e3o alternativa de lit\u00edgios \u00e9 a possibilidade que todos os consumidores t\u00eam ao seu dispor de recorrer e entidades oficiais que os ajudem na resolu\u00e7\u00e3o, ou orienta\u00e7\u00e3o de algum conflito, antes de abrirem processos litigiosos nos Tribunais.<\/p>\n<p>Regra geral, o procedimento \u00e9 o seguinte: o cliente pede a um terceiro imparcial que intervenha como intermedi\u00e1rio entre si e o comerciante que \u00e9 o alvo da sua reclama\u00e7\u00e3o. O intermedi\u00e1rio pode sugerir uma solu\u00e7\u00e3o para a sua reclama\u00e7\u00e3o, impor uma solu\u00e7\u00e3o a ambas as partes ou reunir as partes para encontrar uma solu\u00e7\u00e3o.<\/p>\n<p>A resolu\u00e7\u00e3o alternativa de lit\u00edgios \u00e9, por norma, menos dispendiosa, menos formal e mais r\u00e1pida do que a via judicial.<\/p>\n<p>Consulte a<span>\u00a0<\/span><a href=\"https:\/\/www.consumidor.gov.pt\/parceiros\/sistema-de-defesa-do-consumidor\/entidades-de-resolucao-alternativa-de-litigios-de-consumo\/ral-mapa-e-lista-de-entidades.aspx\" target=\"_blank\" rel=\"noopener noreferrer\">aqui a lista completa das Entidades de Resolu\u00e7\u00e3o Alternativa de Lit\u00edgios de Consumo (RAL)<\/a>, divulgada\u00a0pela Dire\u00e7\u00e3o-Geral do Consumidor, e que foram comunicadas \u00e0 Comiss\u00e3o Europeia, nos termos do n.\u00ba 2 do artigo 17.\u00ba da Lei n.\u00ba 144\/2015 de 8 de setembro, alterada pela Decreto-Lei n.\u00ba 102\/2017, de 23 de agosto.<\/p>\n<p><strong><span class=\"gctitulo\">Entidades RAL:<\/span><\/strong><\/p>\n<ul>\n<li><span class=\"gctitulo\">CNIACC:<\/span><strong><span class=\"gctitulo\"><span>\u00a0<\/span><\/span><\/strong><a href=\"http:\/\/www.cniacc.pt\/pt\/\" target=\"_blank\" rel=\"noopener noreferrer\">Centro Nacional de Informa\u00e7\u00e3o e Arbitragem de Conflitos de Consumo<\/a>\u00a0CACRC:\u00a0<a href=\"https:\/\/www.centrodearbitragemdecoimbra.com\/\" target=\"_top\" rel=\"noopener\">C<\/a><a href=\"https:\/\/www.centrodearbitragemdecoimbra.com\/\" target=\"_blank\" rel=\"noopener noreferrer\">entro de Arbitragem de Conflitos de Consumo da Regi\u00e3o de Coimbra<\/a><\/li>\n<li>CACCL:\u00a0<a href=\"http:\/\/www.centroarbitragemlisboa.pt\/\" target=\"_blank\" rel=\"noopener noreferrer\">Centro de Arbitragem de Conflitos de Consumo de Lisboa<\/a><\/li>\n<li>CAUAL:\u00a0<a href=\"https:\/\/arbitragem.autonoma.pt\/\" target=\"_blank\" rel=\"noopener noreferrer\">Centro de Arbitragem da Universidade Aut\u00f3noma de Lisboa<\/a><\/li>\n<li>CACC RAM:\u00a0<a href=\"https:\/\/www.madeira.gov.pt\/cacc\/\" target=\"_blank\" rel=\"noopener noreferrer\">Centro de Arbitragem de Conflitos de Consumo da Regi\u00e3o Aut\u00f3noma da Madeira<\/a><\/li>\n<li>CICAP:\u00a0<a href=\"http:\/\/www.cicap.pt\/\" target=\"_blank\" rel=\"noopener noreferrer\">Centro de Informa\u00e7\u00e3o de Consumo\u00a0e Arbitragem do Porto<\/a><\/li>\n<li>TRIAVE:\u00a0<a href=\"https:\/\/www.triave.pt\/\" target=\"_blank\" rel=\"noopener noreferrer\">Centro de Arbitragem de Conflitos de Consumo do Ave, T\u00e2mega e Sousa<\/a><\/li>\n<li>CIAB:\u00a0<a href=\"http:\/\/www.ciab.pt\/pt\/\" target=\"_blank\" rel=\"noopener noreferrer\">Centro de Informa\u00e7\u00e3o, Media\u00e7\u00e3o\u00a0e Arbitragem de Consumo (Tribunal Arbitral de Consumo)<\/a><\/li>\n<li>CIMAAL:\u00a0<a href=\"http:\/\/www.consumidoronline.pt\/pt\/\" target=\"_blank\" rel=\"noopener noreferrer\">Centro de Informa\u00e7\u00e3o, Media\u00e7\u00e3o e Arbitragem do Algarve<\/a><\/li>\n<\/ul>\n<p>[\/et_pb_text][\/et_pb_column][\/et_pb_row][\/et_pb_section]<\/p>\n","protected":false},"excerpt":{"rendered":"<p>RAL &#8211; Resolu\u00e7\u00e3o Alternativa de Lit\u00edgios &#8211; Centros de Arbitragem\u00a0 A Uni\u00e3o Europeia criou um site para apoiar os consumidores a apresentarem as suas reclama\u00e7\u00f5es sobre qualquer lit\u00edgio em que estejam envolvidos. Neste \u00e2mbito, disponibilizamos aqui toda a informa\u00e7\u00e3o para que possa exercer o seu direito de reclama\u00e7\u00e3o junto de uma entidade oficial, terceira e [&hellip;]<\/p>\n","protected":false},"author":795,"featured_media":0,"parent":0,"menu_order":0,"comment_status":"closed","ping_status":"closed","template":"","meta":{"_et_pb_use_builder":"on","_et_pb_old_content":"","_et_gb_content_width":"","inline_featured_image":false,"footnotes":""},"class_list":["post-4959","page","type-page","status-publish","hentry"],"_links":{"self":[{"href":"https:\/\/www.plataformaelearning.pt\/luzia\/wp-json\/wp\/v2\/pages\/4959","targetHints":{"allow":["GET"]}}],"collection":[{"href":"https:\/\/www.plataformaelearning.pt\/luzia\/wp-json\/wp\/v2\/pages"}],"about":[{"href":"https:\/\/www.plataformaelearning.pt\/luzia\/wp-json\/wp\/v2\/types\/page"}],"author":[{"embeddable":true,"href":"https:\/\/www.plataformaelearning.pt\/luzia\/wp-json\/wp\/v2\/users\/795"}],"replies":[{"embeddable":true,"href":"https:\/\/www.plataformaelearning.pt\/luzia\/wp-json\/wp\/v2\/comments?post=4959"}],"version-history":[{"count":3,"href":"https:\/\/www.plataformaelearning.pt\/luzia\/wp-json\/wp\/v2\/pages\/4959\/revisions"}],"predecessor-version":[{"id":4992,"href":"https:\/\/www.plataformaelearning.pt\/luzia\/wp-json\/wp\/v2\/pages\/4959\/revisions\/4992"}],"wp:attachment":[{"href":"https:\/\/www.plataformaelearning.pt\/luzia\/wp-json\/wp\/v2\/media?parent=4959"}],"curies":[{"name":"wp","href":"https:\/\/api.w.org\/{rel}","templated":true}]}}